**2 + 3*p - 4. Determine x(-2).
-6
Let r(h) = -21*h + 151. Give r(6).
25
Let c(x) = 33*x**2 - x. What is c(-1)?
34
Let w(a) = -a**3 + 18*a**2 + 24*a - 2. What is w(19)?
93
Let v(u) = -4*u - 25. Give v(-3).
-13
Let t(w) = w**2 + 3*w - 12. Calculate t(0).
-12
Let u(k) = -k**2 + k - 6. Determine u(10).
-96
Let w(o) = -4*o + 134. What is w(37)?
-14
Let q(k) = -k**2 - 23*k - 125. Calculate q(-13).
5
Let v(y) = 2*y**3 + 6*y**2 + 4*y - 1. Determine v(-4).
-49
Let y(m) = -m**3 - 7*m**2 + 6*m + 11. Calculate y(-8).
27
Let p(w) = w - 1. Calculate p(2).
1
Let y(c) = -2*c - 29. What is y(-19)?
9
Let g(l) = l**2 + 6*l - 1. Give g(-5).
-6
Let w(k) = -k**2 + 8*k + 1. What is w(10)?
-19
Let d(m) = -5*m**3 + m**2 + 4*m + 4. Give d(-2).
40
Let z(t) = 6*t + 61. What is z(-8)?
13
Let o(x) = 3*x**2 - 2. Calculate o(-2).
10
Let w(j) = 31*j - 2. Determine w(2).
60
Let o(q) = 21*q + 304. Give o(-14).
10
Let p(f) = f + 4. Determine p(-11).
-7
Let u(d) = -d**3 - d. Give u(2).
-10
Let i(p) = 2*p**2 + 19*p + 2. Calculate i(-13).
93
Let x(n) = -n**2 + 4*n - 3. What is x(1)?
0
Let u(t) = -6*t**2 + t - 4. Give u(2).
-26
Let t(k) = 23*k**2 + 3*k + 1. Give t(-1).
21
Let z(k) = -k - 2. Determine z(29).
-31
Let r(u) = -u**2 - 26*u - 93. Calculate r(-4).
-5
Let a(r) = r**2 + 8*r - 24. What is a(-11)?
9
Let c(z) = 2*z - 21. Calculate c(8).
-5
Let t(y) = -5*y + 11. Determine t(-5).
36
Let g(i) = -2*i**2 + 43*i - 78. What is g(19)?
17
Let l(p) = 9*p**3 - 4*p**2 - p + 3. Determine l(3).
207
Let l(i) = 17*i**2 + i - 1. What is l(1)?
17
Let q(l) = l**2 + 30*l + 150. Determine q(-6).
6
Let b(r) = -7*r**2 + r + 1. What is b(3)?
-59
Let q(y) = -y**3 + 18*y**2 - 17*y + 6. What is q(17)?
6
Let o(q) = 3*q - 89. Calculate o(30).
1
Let b(s) = 2*s**3 - 8*s**2 + 4*s - 10. Give b(4).
6
Let w(y) = -4*y - 3. Calculate w(-7).
25
Let w(a) = a**2 - 6*a - 23. What is w(8)?
-7
Let g(k) = -3*k**2 - 35*k - 21. Determine g(-11).
1
Let c(k) = -k**2 + 8*k + 4. What is c(7)?
11
Let y(u) = 2*u**2 - 18*u + 42. What is y(2)?
14
Let o(f) = f**3 + 6*f**2 - 7*f - 18. Determine o(-8).
-90
Let v(i) = i**2 - 5*i - 6. Calculate v(0).
-6
Let v(d) = -d**2 - 19*d + 46. Give v(-21).
4
Let o(v) = -11*v - 1. Calculate o(1).
-12
Let s(a) = 3*a**2 + 16*a + 11. Calculate s(-7).
46
Let l(b) = -b**3 - 7*b**2 - 7*b - 17. Calculate l(-7).
32
Let c(m) = m**3 - 13*m**2 - 13*m - 16. Give c(14).
-2
Let f(m) = -2*m**3 + 3*m**2 - 4*m + 2. Determine f(1).
-1
Let i(a) = 120*a - 1059. Calculate i(9).
21
Let q(a) = 4*a**2 - a. Determine q(-2).
18
Let u(o) = o**3 - 8*o**2 + 6*o + 9. Calculate u(7).
2
Let m(p) = p**2 + 3*p - 2. Determine m(-3).
-2
Let z(u) = u - 4. Give z(-15).
-19
Let l(z) = -z**2 - 9*z - 7. What is l(-6)?
11
Let f(z) = -3*z**2 + 24*z - 56. Give f(3).
-11
Let q(p) = -p**3 + 5*p**2 - p + 5. Determine q(4).
17
Let g(j) = j**3 - j**2 + j + 1. Give g(0).
1
Let t(j) = -j**3 + 13*j**2 + j - 22. Determine t(13).
-9
Let u(w) = -w**3 - 3*w**2 + 9*w - 11. Calculate u(-5).
-6
Let a(p) = p**2 + 15*p + 20. Determine a(-15).
20
Let b(a) = -5*a + 18. Give b(0).
18
Let d(m) = -m - 8. Determine d(3).
-11
Let d(b) = b**3 + 12*b**2 + 6*b - 28. Give d(-11).
27
Let d(h) = 9*h + 18. Determine d(-4).
-18
Let s(y) = -y**3 + 2*y**2 + y - 33. What is s(0)?
-33
Let h(i) = 2*i - 116. Calculate h(59).
2
Let u(h) = 4*h**2 + 24*h + 9. What is u(-6)?
9
Let x(c) = 8*c + 19. What is x(-5)?
-21
Let n(r) = -r**3 + 24*r**2 - 25*r + 52. Calculate n(23).
6
Let o(l) = -l**3 - 10*l**2 - l - 8. Give o(-10).
2
Let w(v) = -4*v**2 - 105*v - 32. Calculate w(-26).
-6
Let v(c) = -c**3 + 16*c**2 + 16*c + 30. Determine v(17).
13
Let a(u) = 3*u**2 - 15*u + 7. Determine a(4).
-5
Let t(o) = o**2 - 22*o. What is t(22)?
0
Let n(q) = -25*q - 25. Give n(-1).
0
Let o(r) = -r**2 - r - 7. Give o(0).
-7
Let k(v) = v**3 + 8*v**2 + 10*v + 19. Determine k(-7).
-2
Let c(w) = -17*w**2. Determine c(1).
-17
Let r(y) = -15*y + 94. Give r(4).
34
Let a(c) = c**2 + 6*c - 5. Calculate a(-4).
-13
Let m(s) = s**3 + s**2 - s - 4. Determine m(-2).
-6
Let r(p) = -6*p - 103. What is r(-13)?
-25
Let v(t) = t + 1. Calculate v(-9).
-8
Let a(l) = -2*l**2 - l - 4. Determine a(0).
-4
Let o(r) = -r**2 + 13*r - 2. Calculate o(10).
28
Let r(p) = 7*p + 7. Give r(-4).
-21
Let y(b) = b**2 + 23*b + 123. Calculate y(-14).
-3
Let l(f) = -f**3 + 4*f**2 - f + 2. What is l(4)?
-2
Let v(i) = 2*i**2 + 14*i - 10. What is v(-10)?
50
Let h(v) = 108*v**3 - v**2 + 2. Give h(1).
109
Let j(f) = -7*f - 39. Calculate j(-10).
31
Let r(g) = 2*g**2 + 28*g + 4. Give r(-13).
-22
Let a(z) = -z**2 - 4*z + 5. Calculate a(-6).
-7
Let a(g) = -g**3 + 7*g**2 - 2*g - 5. Give a(2).
11
Let u(t) = t**3 - 5*t**2 - 6*t + 2. Determine u(5).
-28
Let f(y) = 20*y**3 - y**2 + y. Give f(1).
20
Let o(q) = q**3 + 5*q**2 - 8*q + 1. Calculate o(-7).
-41
Let d(x) = -13*x + 151. Calculate d(12).
-5
Let h(f) = f**3 - 3*f**2 + 7*f - 18. Determine h(3).
3
Let h(o) = 2*o**2 + 20*o + 29. Determine h(-9).
11
Let k(h) = h**2 + 28*h - 80. Calculate k(-31).
13
Let y(m) = -m**2 - 5*m + 6. Calculate y(-5).
6
Let h(j) = -j**3 - 12*j**2 - 5*j + 2. Give h(-10).
-148
Let l(n) = 8*n + 14. Give l(0).
14
Let h(s) = 9*s - 41. Give h(4).
-5
Let y(p) = p**3 + 16*p**2 - 13*p + 55. Give y(-17).
-13
Let c(k) = -k**3 + k + 5. Determine c(0).
5
Let z(s) = s**2 - 7*s - 10. What is z(6)?
-16
Let j(q) = -12*q - 64. Calculate j(-7).
20
Let f(q) = q**2 + 8*q + 20. Calculate f(-8).
20
Let b(h) = -h**3 - 2*h**2 + h - 1. What is b(-2)?
-3
Let z(d) = d**3 - 26*d**2 + 84*d + 91. Calculate z(22).
3
Let s(k) = -2*k**3 + 9*k**2 - 2*k + 9. Give s(5).
-26
Let w(c) = -33*c**2 - c + 1. Give w(2).
-133
Let x(f) = -30*f - 18. What is x(7)?
-228
Let k(a) = -7*a**2 + 89*a + 17. What is k(13)?
-9
Let l(m) = -27*m**3 + 2*m**2 - 3*m + 2. What is l(1)?
-26
Let p(l) = l**3 + 10*l**2 + 11*l + 1. What is p(-8)?
41
Let h(x) = -14*x - 3. What is h(1)?
-17
Let q(r) = 2*r**3 + 9*r**2 - 10*r. Give q(-5).
25
Let s(a) = -12*a**2 + 2*a - 1. Calculate s(1).
-11
Let w(m) = m + 9. Determine w(-11).
-2
Let u(i) = 2*i**2 - 9*i - 13. Determine u(9).
68
Let a(u) = 7*u + 7. Calculate a(-6).
-35
Let z(q) = -q**3 - 2*q**2 + 7*q + 5. Give z(-5).
45
Let h(u) = u**3 + 10*u**2 - 7*u - 8. What is h(-9)?
136
Let c(x) = -2*x**3 - 21*x**2 + 11*x + 10. Give c(-11).
10
Let o(m) = -m**2 + 13*m - 43. Determine o(8).
-3
Let t(b) = -4*b + 8. Calculate t(5).
-12
Let v(m) = 4*m**2 - 3*m - 3. Determine v(-1).
4
Let c(d) = 2*d - 24. What is c(10)?
-4
Let x(g) = 8*g - 25. Calculate x(6).
23
Let a(v) = v + 6. Give a(-10).
-4
Let v(q) = q - 48. Determine v(-5).
-53
Let t(c) = -5*c + 4. Determine t(2).
-6
Let f(t) = 2*t + 3. Determine f(-10).
-17
Let g(j) = -20*j - 782. Calculate g(-39).
-2
Let v(r) = r - 76. Calculate v(0).
-76
Let p(h) = 3*h + 123. What is p(-45)?
-12
Let d(q) = -66*q + 2. What is d(-1)?
68
Let f(d) = d - 9. Determine f(3).
-6
Let w(n) = -n**3 + 9*n**2 + 5*n + 13. Determine w(10).
-37
Let d(m) = m**3 + 7*m**2 + 8*m + 1. Calculate d(-6).
-11
Let x(j) = 2*j**2 + 82*j - 92. Calculate x(-42).
-8
Let n(a) = 2*a + 5. Give n(-2).
1
Let j(k) = k**3 - 4*k**2 + 2*k + 13. Determine j(5).
48
Let p(o) = -2*o - 70. Calculate p(-5).
-60
Let g(x) = 605*x - 4238. What is g(7)?
-3
Let i(g) = -g**2 + 8*g - 6. Calculate i(7).
1
Let a(y) = y**2 + 17*y + 25. Determine a(-16).
9
Let h(q) = 6*q - 4. What is h(2)?
8
Let y(q) = -8*q - 107. Give y(-10).
-27
Let j(t) = 5*t**2 - 38*t - 21. Determine j(8).
-5
Let o(w) = -3*w + 5. What is o(2)?
-1
Let p(d) = d**2 - 7*d + 7. Give p(1).
1
Let z(i) = 19*i + 1. Calculate z(1).
20
Let a(m) = m**3 + 12*m**2 + 18*m + 19. What is a(-10)?
39
Let q(s) = s**2 + 6*s + 2. Determine q(-5).
-3
Let z(f) = -f**3 + f**2 + f - 6. Determine z(-3).
27
Let p(r) = r**2 - 5*r - 59. What is p(11)?
7
Let i(a) = -3*a**2 + 22*a - 15. Determine i(7).
-8
Let h(n) = -17*n - 149. Determine h(-9).
4
Let x(n) = -4*n + 28. Calculate x(6).
4
Let r(q) = -q**3 - 25*q**2 + 10. Determine r(-25).
10
Let j(v) = -v**2 - v - 8. What is j(-6)?
-38
Let g(j) = j**2 + 4*j + 1. Calculate g(-2).
-3
Let h(k) = k**2 - 24*k + 142. Give h(16).
14
Let d(v) = 5*v + 40. What is d(-8)?
0
Let z(o) = -4*o + 32. Calculate z(11).
-12
Let x(k) = 10*k**3 + 2*k**2 + k. Give x(-1).
-9
Let i(o) = 5*o + 41. What is i(-7)?
6
Let t(u) = -u**3 + 11*u**2 - 10*u + 8. Determine t(1